36?
18
Let l be 37/(-222) - (-223)/6. Let j = l - 4. Calculate the greatest common divisor of j and 22.
11
Suppose -2*n - 17 + 85 = 3*c, 0 = -2*n + 44 - 54. Let f be 2/9 + 460/36. Calculate the highest common factor of c and f.
13
Suppose -13*i + 1372 = 1294. Let t(k) = -k**3 - k**2 + k. Let g be t(-1). Let c be (-56)/(-20) - g/5. What is the greatest common factor of c and i?
3
Let h = 106 - 104. Suppose h*i = -5*j + 156, j - 36 = 2*i - 0*i. Calculate the highest common factor of j and 4.
4
Let k(t) = -15 - 4 + 6*t + 5 + 4*t - t**2. Let r be k(6). Suppose 5*i = -0*i + 10. What is the highest common divisor of i and r?
2
Let i = -357 + 789. Calculate the highest common divisor of i and 108.
108
Let m = -12 - 17. Suppose 3*d - 16 = 2*r - 83, 0 = -4*r + 5*d + 133. Let p = m + r. Calculate the greatest common divisor of 1 and p.
1
Let v be 4 + 30*(1 + (-8)/20). Let j be 4/v + (-776)/(-88). What is the highest common divisor of 6 and j?
3
Let i be -4*(2/4*(-78 + -5) + -4). Calculate the greatest common divisor of i and 46774.
182
Let y(j) = -j**2 - 14*j + 138. Let b be y(-20). Calculate the greatest common divisor of 2826 and b.
18
Let x be (-30)/5 + 5 + 568. Suppose -40*c - x = -49*c. Calculate the highest common factor of c and 42.
21
Let a(h) = -h**3 + 2*h**2 + 1450. Let l be a(0). What is the greatest common factor of 200 and l?
50
Let b = 96 - 92. Suppose b*y - l = 331, -48 = 5*y - 2*l - 464. Let r be (41 + 0)/(6 - 5). What is the highest common factor of r and y?
41
Suppose -4*l + 5*h = -118, 86*l - 2*h - 56 = 84*l. Suppose -t + 5*v + 4 = 15, 3*v - 57 = 3*t. Let o = t + 43. Calculate the greatest common divisor of l and o.
22
Let u(i) = i**3 - 2*i**2 + 3*i + 1. Let o be u(4). Suppose -1043 = -59*w + 550. Calculate the greatest common factor of o and w.
9
Suppose -2*p + g = -306, 310 = -4*p + 6*p - 2*g. Suppose -p + 411 = -10*w. Let c = 92 + w. What is the highest common divisor of c and 44?
22
Suppose 247*o + 477137 = 36*o + 2074407. What is the greatest common factor of o and 30?
10
Suppose 2*r = 10, r + 8 = -3*y + 2*r. Let x be (-5 - -5)/2*y. Suppose 6*l = -x*l + 36. What is the greatest common factor of 15 and l?
3
Let b = -8813 + 10361. Calculate the greatest common divisor of 108 and b.
36
Let w = 8485 - 8407. Calculate the highest common divisor of 5382 and w.
78
Let m be (135/(-90))/((-3)/50). Let o(k) = k**3 - 25*k**2 + 3*k - 69. Let i be o(m). Calculate the highest common factor of i and 14.
2
Suppose 21*u = 12*u - 342. Let r = 152 + u. Calculate the greatest common divisor of r and 285.
57
Let l be 52/(5 + (-1096)/(-66)*(-21)/70). What is the greatest common factor of 165 and l?
55
Let b be -1 - (-20)/5 - 1085/(-7). Suppose -5*t = -2*q + 85, -11*q + 7*q + b = 2*t. What is the greatest common factor of q and 8?
8
Let b(j) = -j**2 + 477*j - 23199. Let d be b(55). Let y(h) = 400*h - 1. Let c be y(3). Calculate the greatest common divisor of d and c.
11
Let g = 57 - 21. Let q(u) = 13*u**2 - 1979*u + 5952. Let f be q(3). What is the greatest common factor of g and f?
12
Let j = -8494 - -8656. What is the highest common factor of j and 198?
18
Let x be 2*-1 + -5 + 436. Suppose u - 487 = -15*i, -197 = -5*i - 0*i + 4*u. Calculate the highest common factor of i and x.
33
Suppose -4*p = 2*y - 44638, -11198 = -p + 1547*y - 1542*y. What is the highest common factor of 915 and p?
183
Let c = -8398 + 8402. Calculate the highest common divisor of c and 10.
2
Suppose -x + 497 = 3*y, 30 = 3*x + 51. Calculate the greatest common factor of 4746 and y.
42
Suppose -5 = -g - 0. Let a be 1*(-13 - 89) + (1 - -1). Let t be ((-9)/(-6))/3*-10 - a. What is the highest common factor of g and t?
5
Suppose 3*j + 2*h = h - 718, 5*j + 5*h + 1210 = 0. Let y = -163 - j. What is the greatest common factor of y and 30?
15
Suppose -3*a + 4*m - 10 = -266, -4*a + 388 = 4*m. Suppose -2*q + 52 = -2*n, -n + a + 26 = 5*q. Calculate the highest common divisor of q and 324.
12
Let h = -5138 + 5238. What is the greatest common divisor of 1640 and h?
20
Let v(n) = n + 10. Let i be (-4)/(-18) - (-357)/(-27). Let l be v(i). Let z(a) = -2*a + 8. Let m be z(l). What is the highest common factor of m and 98?
14
Let v(b) = 3*b**3 - 3*b**2 - 6*b + 6. Let w be v(4). Let d be ((-27)/36)/(12/(-448)). Calculate the greatest common factor of d and w.
14
Suppose 0 = -4*q - k + 102, 5*q - 13*k + 8*k = 90. Calculate the highest common factor of 16584 and q.
24
Suppose 2 = -2*k + 30. Let d be (-1374)/(-18)*2/((-6)/9). Let j = d + 341. What is the highest common divisor of k and j?
14
Let c be 1/2*-1*(24 - (160 - -4)). Calculate the highest common divisor of 10115 and c.
35
Let k(u) = -9*u + 84. Let w be k(9). Suppose -w*p + 1852 = -4*d, -p - 4*p - d + 3079 = 0. Calculate the highest common divisor of 56 and p.
56
Let o(g) = 11*g - 1. Let r be o(3). Suppose 42*t = 227 + 781. Suppose -62*h = -68*h + t. Calculate the greatest common factor of h and r.
4
Let n = -1145 - -1155. Let j = -110 - -430. Calculate the highest common divisor of j and n.
10
Suppose -2*u + 76 = 4*q, -3*q + 7*u + 47 = 11*u. Suppose 1442 = 11*a - 21. What is the greatest common factor of q and a?
7
Let g be -6*(-1)/((-2)/11) - 2. Let b(q) = q**3 + 36*q**2 + 34*q - 5. Let v be b(g). What is the highest common divisor of v and 110?
10
Let t = 13 - 8. Suppose -12*f = 92*f + 14*f - 30680. What is the highest common divisor of t and f?
5
Suppose 45856 + 97419 = 25*d. Calculate the greatest common divisor of d and 11.
11
Let o = -1286 - -1288. Let q(r) = -r**2 + 7*r + 6. Let t be q(7). Let w be (-55)/(-15) - (8/t)/o. What is the greatest common divisor of 60 and w?
3
Suppose v - 1131 = -w, 4*w - 7*w = -2*v + 2272. Calculate the highest common divisor of v and 2369.
103
Suppose -2*z - 5*k = -46, 20*z - 22*z + k + 70 = 0. Calculate the highest common factor of z and 27093.
33
Let f = 155 - 153. Suppose 0 = 2*m + f - 24. Calculate the greatest common divisor of 33 and m.
11
Suppose 0 = y + 5*b - 22, 23*y - b = 20*y + 130. Calculate the highest common divisor of 150 and y.
6
Let y(r) = 126 - 3010*r**2 - 25*r + 3011*r**2 - 3. Let f be y(24). Calculate the greatest common factor of f and 264.
33
Let w = -110 + 129. Suppose w*z - 33*z = -16464. Calculate the greatest common factor of 56 and z.
56
Let g be (-10656)/(-15) + (10 - (2820/50)/6). Calculate the greatest common factor of 18 and g.
9
Suppose -4*k - 661 = -4*t - 401, -k = 3*t - 199. Calculate the greatest common divisor of t and 48.
6
Let n(v) = 4*v**2 + 160*v + 1223. Let a be n(-10). What is the highest common factor of a and 16721?
23
Let t(p) be the third derivative of -p**4/6 + 4*p**3/3 + 10*p**2. Let m be 1/(-2) - (-4)/8. Let w be t(m). Calculate the highest common factor of w and 2.
2
Let v = 61 + -69. Let k be (-6 - v)/((-1)/(-4)). Suppose k*g = 58 + 6. Calculate the greatest common factor of 72 and g.
8
Let v(g) = g + g - 4*g - 23 - 32 + g**2 + 4*g. Let z be v(15). What is the greatest common divisor of z and 20?
20
Let q(o) be the second derivative of 2*o + 0 - 1/20*o**5 - 5/3*o**3 - 2/3*o**4 + 7/2*o**2. Let h be q(-7). What is the greatest common factor of h and 4?
4
Suppose 143*r - 8498 = 1226. What is the highest common divisor of 2516 and r?
68
Let f(h) = h**2 - 10*h - 647. Let a be f(31). What is the greatest common factor of 1814 and a?
2
Suppose 22*p - 67142 - 12498 = 0. What is the greatest common factor of p and 181?
181
Let v be (1/10*-4)/(-2 - (-1336)/670). Calculate the greatest common divisor of 8576 and v.
67
Let t = 1990 + 891. Calculate the highest common divisor of 86 and t.
43
Let a(i) = 148*i - 2212. Let g be a(17). Calculate the greatest common divisor of 57 and g.
19
Let j(i) = -3*i**3 + 6*i**2 + 6*i. Let v be j(-4). Let f be ((-2)/(54/279) + 5)*(-3 + -6). What is the greatest common factor of v and f?
24
Let r = 29863 + -24975. Calculate the highest common divisor of 832 and r.
104
Let q be 12/(-21) - (-335)/35. Let t(u) = -8 - u - u**3 - 8*u - 8*u**2 + 3. Let f be t(-7). What is the greatest common factor of f and q?
9
Let x = -17545 - -19787. What is the highest common factor of x and 1298?
118
Let r be (-4)/18 - (-10)/45. Let h(u) = u**2 + u + 5. Let l be h(r). Suppose -924 + 2794 = l*k. What is the highest common divisor of k and 34?
34
Let z